180 and n?
12
Let l(n) = -124*n - 7561. Let q be l(-61). What is the highest common factor of 1452 and q?
3
Suppose -6 + 1 = -5*d. Let q be 4 - (d - 3)/(-2). Suppose -2*j - 3*w = q*j - 495, 3*w = 15. Calculate the greatest common factor of j and 12.
12
Let i be (45 - 0)*(-14)/14. Let p be -5 + 1/(-2)*2. Let f be (i/18)/(1/p). Calculate the greatest common factor of 45 and f.
15
Let u be (2/6 + (-36)/27)*-59. Suppose 241 + u = 4*d. Let j = 6 - -9. Calculate the greatest common divisor of j and d.
15
Let u be ((-10 - -15) + -4)*(-1 + 4). Suppose 0 = -5*h - 25, -4*l - u*h + 363 = 34. Calculate the highest common factor of l and 688.
86
Let x(f) = 2*f**3 - 8*f**2 + 5*f + 4. Let g be x(4). Suppose 3840 = 44*w - 34*w. Calculate the highest common factor of w and g.
24
Let x(l) = 2*l**3 - 25*l**2 + 72*l + 7. Let p be x(8). Let j = 37 - 2. Calculate the greatest common factor of j and p.
7
Let d(y) = 19*y**2 - 1. Let m = 134 - 191. Let j = m - -58. Let b be d(j). What is the greatest common divisor of b and 144?
18
Let s = 1200 + -1195. Let l(y) be the second derivative of 3*y**5/20 - 5*y**4/6 - 2*y**3/3 + y. Let g be l(s). Calculate the greatest common factor of 21 and g.
21
Let i = 71 + -64. Suppose i*o - 78 = 6. Suppose -o = u - 3*u. Calculate the greatest common divisor of u and 9.
3
Suppose 0 = -93*u + 1408 - 106. Suppose 28 = -2*a + 210. What is the highest common divisor of a and u?
7
Let p be (-4)/(-3)*(-408)/(-32). Suppose -1070 = -p*o + 1820. Calculate the greatest common divisor of 30 and o.
10
Let r be ((-21)/(-2))/((-1)/(-22)). Let v = -215 + r. What is the highest common divisor of 272 and v?
16
Let a(y) = y**2 - 3*y - 35. Let q be a(8). Suppose 5*w - 2*v + 6*v = 503, -505 = -5*w - q*v. Let t = 33 + 0. Calculate the highest common factor of w and t.
33
Suppose -10*i = -0*i - 3630. Let a = i + -356. What is the highest common factor of 98 and a?
7
Let j = -12149 - -12158. Let m be (-146)/(-8) - 2/8. Calculate the greatest common factor of m and j.
9
Suppose -11*s + 1510 = 4535. Let i = s - -278. What is the highest common factor of i and 1?
1
Let f(c) = 2*c + 6*c - 2*c + 30. Let w = 230 - 223. Let q be f(w). What is the greatest common factor of 18 and q?
18
Let w(l) = -l**3 + 4*l**2 + 20*l - 6. Suppose 3*g - 15 = -f, 5*g - 39 = -2*f + 5*f. Let t be w(g). Calculate the highest common divisor of t and 105.
21
Suppose 105*k - 104*k = -2*b + 44, -2*k = 2*b - 56. Let p = -12 - 46. Let i = 22 - p. Calculate the greatest common factor of b and i.
16
Suppose -5*l + 444 = -2*l. Suppose -l = -4*u + 176. Suppose 0 = -2*m - 10, -2 + 27 = 5*x + 4*m. Calculate the greatest common divisor of u and x.
9
Let l be -190 - (0 - 4) - 12/3. Let b = l - -254. Calculate the highest common divisor of b and 48.
16
Suppose 9*b = 57*b + 89*b - 3836. Calculate the greatest common divisor of 6034 and b.
14
Let l = -3110 + 3326. What is the greatest common factor of 936 and l?
72
Suppose 4*i + 0*i + 5*v - 27 = 0, -3*i - v = -12. Let a be 678/30 - i/5. Suppose -1848 = 59*l - 71*l. What is the highest common divisor of l and a?
22
Suppose -9*n = -8*n - 9. Suppose s + n = 12. Suppose -s*b + 31 = -b - i, b + 5*i = 32. Calculate the greatest common factor of b and 85.
17
Suppose 87*b - 39 = 83*b + 3*r, -5*b + 3*r = -51. Let p = 15 - 18. Let x be (-9)/(-2)*(-56)/p. What is the greatest common factor of b and x?
12
Let l = 24940 + -21187. What is the greatest common divisor of l and 216?
27
Let a be ((-1029)/(-98))/((-3)/(-16)). Calculate the highest common factor of 462 and a.
14
Suppose 0 = s + 4*s - 30. Suppose -24190*o + 24359*o - 18759 = 0. What is the greatest common factor of s and o?
3
Let d(c) = -7*c**2 - 187*c - 300. Let y be d(-24). Calculate the greatest common divisor of 57 and y.
3
Suppose -19475*g + 19482*g - 630 = 0. What is the highest common divisor of g and 2178?
18
Let r(s) = 2*s + 9. Let d be r(-4). Let i be 224/(-35)*(d - 154/4). Calculate the greatest common divisor of 30 and i.
30
Let p be 10 - ((-14)/(-7) - (3 - -1)). Let x(y) = 33*y - 5. Let l be x(p). Calculate the greatest common divisor of l and 17.
17
Suppose 0 = 3*i + 2*i - 90. Let m(h) = h**3 - 9*h**2 + 9*h + 4. Let d be m(8). Let k = d - 3. What is the highest common divisor of i and k?
9
Let m be (3 - -57)*4/(-5). Let o = m - -65. Let n be 102*(-3)/6*-1. Calculate the greatest common factor of n and o.
17
Suppose 602 = 39*o - 25*o. What is the highest common factor of o and 989?
43
Let m = 187 - 131. Suppose 24*c = 10*c + m. Calculate the highest common divisor of c and 40.
4
Let a be (-10)/25 - (-136)/(-10). Let f = a - -23. Let g = 22 - 16. Calculate the highest common divisor of g and f.
3
Let z(d) = 2*d**3 - 32*d**2 + 4*d - 2. Let j be z(16). Calculate the greatest common divisor of j and 11904.
62
Let d be -43 + -2 + 3 + -2. Let p = -36 - d. Calculate the highest common divisor of p and 40.
8
Let h be (13 + -28 - 1)*(-3)/24. Suppose 3*a + 4*g = -2*a + 103, 5*g = -2*a + 48. Let r = -3 + a. Calculate the highest common divisor of r and h.
2
Let r be 140*(0 + (-9)/(-6)). Suppose -9 + 117 = 7*t - 3*v, -v + 74 = 5*t. What is the greatest common divisor of r and t?
15
Suppose -49*r = -9193 - 950. Calculate the highest common factor of r and 368.
23
Suppose 4669*n = 4681*n - 5040. What is the highest common divisor of n and 660?
60
Suppose 3*o + 63 = k, 3*k + 8*o - 12*o = 189. Let b be (2 + -9)/14*-26*9. Calculate the highest common divisor of k and b.
9
Suppose 20*j + 72 = 23*j. Suppose 23*f + 10 = j*f. Suppose -1663 + 543 = -f*x. Calculate the highest common divisor of x and 32.
16
Let j be 4/(((-2)/15)/(-1)). Suppose 0 = -j*o + 29*o + 101. Suppose -103 = -4*y - y + c, -o = -5*y + 2*c. What is the greatest common divisor of y and 63?
21
Suppose 4*y = 4*s + 2209 + 2211, -2 = 2*s. Calculate the highest common factor of y and 64.
16
Let y(c) = 8*c**2 - 183*c + 7. Let w be y(23). What is the greatest common divisor of w and 50?
10
Suppose 56*p - 154 - 1644 - 3970 = 0. What is the greatest common divisor of p and 21321?
103
Let h = 2053 + -246. Calculate the highest common factor of 26 and h.
13
Let v be (-2 - (-534)/15)*(10 + 310). Calculate the highest common divisor of v and 21.
21
Let u(k) = k**2 - 27*k + 31. Let v be u(32). Suppose v + 115 = 34*m. What is the greatest common factor of m and 261?
9
Let i = -76 - -151. Let q = i + -47. Let x be ((-42)/4)/((-6)/128). What is the highest common divisor of q and x?
28
Suppose -3*c = p - 81943, -2*c - 8*p = -6*p - 54630. What is the highest common divisor of 14 and c?
14
Let u = 214 - 1688. Let o = u + 2178. Suppose 4*r - 880 = -5*m + 5*r, 2*r = -4*m + o. What is the highest common divisor of m and 11?
11
Let p be 4/(-8)*2 + 4. Suppose -4*u - p = -0*h - 3*h, -5*u = -3*h. Suppose 3*v - 10 - 65 = 0. Calculate the highest common factor of v and h.
5
Let n be 2*(-4 + 2)/(-1). Suppose -f - 12 + 5 = h, -n*h + 3*f = 0. Let o = h + 9. Calculate the highest common factor of 15 and o.
3
Let d be (144/20)/((-4)/(-10)). Suppose 8*q - 6*q = d. Calculate the highest common factor of q and 1.
1
Let v = 616 - 621. Let d be 38*v*(-4)/20. What is the highest common divisor of 190 and d?
38
Suppose 3 = 4*f - 3*a, a + 8 = -f - 0. Let o be 91 + (-9 - f) + -1. What is the greatest common factor of o and 36?
12
Let i = -3257 + 4790. What is the highest common divisor of i and 21?
21
Suppose -a = -4*z, 51*a - 48*a = 2*z + 20. Calculate the greatest common factor of a and 14184.
8
Suppose -11188 = -4*l + 4*v, -2*v + 6713 = 4*l - 4523. What is the highest common factor of 297 and l?
33
Let b be 7/(420/24) + (-592)/(-20). What is the highest common factor of b and 2910?
30
Suppose 1010 = 82*j - 220. Calculate the highest common factor of j and 3375.
15
Let s be 9/((-45)/(-20)) + 18. Suppose c + 0*c + 16 = 0. Let h be (c/(-3))/(8/264). What is the greatest common factor of s and h?
22
Let d = -2097 + 2116. Let m = -316 + 493. Let c = -44 + m. Calculate the highest common factor of c and d.
19
Let p be (-4)/((-32)/44) - (-6)/12. Suppose p*w - 54 - 126 = 0. Suppose 0*x - 3*x = -135. Calculate the highest common factor of w and x.
15
Let g = -2541 - -3000. Calculate the greatest common divisor of 765 and g.
153
Let a = 221 - 217. Suppose a*s + d = 3*s + 22, 4*s - 2*d = 76.